{"id":60,"date":"2013-10-07T20:27:26","date_gmt":"2013-10-07T20:27:26","guid":{"rendered":"http:\/\/victorpintos.com.ar\/?page_id=60"},"modified":"2020-06-02T15:02:23","modified_gmt":"2020-06-02T15:02:23","slug":"reconocimientos","status":"publish","type":"page","link":"https:\/\/victorpintos.com.ar\/?page_id=60","title":{"rendered":"Reconocimientos"},"content":{"rendered":"<div class=\"et_pb_section et_section_regular\">\r\n\t\t\t\r\n\t\t\t\r\n\t\t\t\t\r\n\t\t\t\t<div class=\"et_pb_row\">\r\n\t\t\t<div class=\"et_pb_column et_pb_column_1_3\">\r\n\t\t\t<img decoding=\"async\" src=\"http:\/\/victorpintos.com.ar\/wp-content\/uploads\/2013\/10\/MF2013.jpg\" alt=\"\" class=\"et-waypoint et_pb_image et_pb_animation_left\" \/>\r\n\t\t<\/div> <!-- .et_pb_column --><div class=\"et_pb_column et_pb_column_2_3\">\r\n\t\t\t<div class=\"et_pb_text et_pb_bg_layout_light et_pb_text_align_left\">\r\n\t\t\t\n<p>Reconocimientos a su labor profesional:<\/p>\n<p><strong>Mart\u00edn Fierro 2013<\/strong> Rubro Mejor Programa Musical (Federal) por <strong>La Previa de Cosqu\u00edn<\/strong> (Canal 10, C\u00f3rdoba)<\/p>\n<p><strong>Mart\u00edn Fierro 1995<\/strong> Rubro Mejor Programa Musical de la TV por cable por <strong>M\u00fasica Urbana<\/strong> (Red Cablevisi\u00f3n)<\/p>\n<p>(Nominado al <strong>Mart\u00edn Fierro 2014 <\/strong>en el Rubro Programa de M\u00fasica Folkl\u00f3rica en Radio por <strong>Disco Pi<\/strong> (102.3 FM Nuestra Radio, C\u00f3rdoba)<\/p>\n<p><strong>Premio Est\u00edmulo TEA 1992<\/strong> al Mejor Desempe\u00f1o Period\u00edstico del A\u00f1o Rubro Revistas por sus notas de investigaci\u00f3n en la <strong>Revista Humor<\/strong><\/p>\n<p><strong>Premio ELIC 2013<\/strong> al Mejor Programa Radial de Inter\u00e9s General en C\u00f3rdoba por <strong>Disco Pi<\/strong><\/p>\n<p><strong>Premio ELIC 2013<\/strong> a la Mejor Programaci\u00f3n Radial de C\u00f3rdoba por <strong>Nuestra Radio<\/strong><\/p>\n<p><strong>Premio ELIC de Oro 2013<\/strong> por <strong>Nuestra Radio<\/strong><\/p>\n\r\n\t\t<\/div> <!-- .et_pb_text -->\r\n\t\t<\/div> <!-- .et_pb_column -->\r\n\t\t<\/div> <!-- .et_pb_row -->\r\n\t\t\t\r\n\t\t<\/div> <!-- .et_pb_section -->\n","protected":false},"excerpt":{"rendered":"","protected":false},"author":2,"featured_media":0,"parent":0,"menu_order":0,"comment_status":"closed","ping_status":"closed","template":"","meta":{"_monsterinsights_skip_tracking":false,"_monsterinsights_sitenote_active":false,"_monsterinsights_sitenote_note":"","_monsterinsights_sitenote_category":0,"footnotes":""},"class_list":["post-60","page","type-page","status-publish","hentry"],"_links":{"self":[{"href":"https:\/\/victorpintos.com.ar\/index.php?rest_route=\/wp\/v2\/pages\/60","targetHints":{"allow":["GET"]}}],"collection":[{"href":"https:\/\/victorpintos.com.ar\/index.php?rest_route=\/wp\/v2\/pages"}],"about":[{"href":"https:\/\/victorpintos.com.ar\/index.php?rest_route=\/wp\/v2\/types\/page"}],"author":[{"embeddable":true,"href":"https:\/\/victorpintos.com.ar\/index.php?rest_route=\/wp\/v2\/users\/2"}],"replies":[{"embeddable":true,"href":"https:\/\/victorpintos.com.ar\/index.php?rest_route=%2Fwp%2Fv2%2Fcomments&post=60"}],"version-history":[{"count":14,"href":"https:\/\/victorpintos.com.ar\/index.php?rest_route=\/wp\/v2\/pages\/60\/revisions"}],"predecessor-version":[{"id":219,"href":"https:\/\/victorpintos.com.ar\/index.php?rest_route=\/wp\/v2\/pages\/60\/revisions\/219"}],"wp:attachment":[{"href":"https:\/\/victorpintos.com.ar\/index.php?rest_route=%2Fwp%2Fv2%2Fmedia&parent=60"}],"curies":[{"name":"wp","href":"https:\/\/api.w.org\/{rel}","templated":true}]}}